the first derivative of -m**4/4 - 7*m**3/3 + 3*m**2/2 - 6*m + 38. Calculate a(-7).
-27
Let c(x) = -x**2 + x - 1. Let u(a) = -18*a**2 + 15*a - 15. Let y(s) = -30*c(s) + 2*u(s). Suppose r - 4*m - 9 = 0, r - 4*m + 1 = -5*m. Calculate y(r).
-6
Let j(a) = 37*a - 10*a - 27*a + a**2. Calculate j(-4).
16
Let h(m) = 97 + 96 - 4*m - 6*m**2 - 285 - m**3 + 97. Give h(-5).
0
Let b(v) = -8*v - 2*v + 2*v - 69 + 4*v + 58. Give b(-5).
9
Let b(y) = 4 - 5 - y**2 - 1 + 5*y. Suppose 5*i = 3*t - 49, -i = -5*t + 7 + 38. Suppose -j = j - t. What is b(j)?
2
Suppose 0 = -5*d + 10*d - 10. Let c(n) = -10 + 2 + d + 3*n + 0. What is c(4)?
6
Let u = -46 - -89. Let q(x) = 23 + 3*x + 21 + 2*x**2 - u + x**3. Calculate q(-2).
-5
Let v(f) = 0 - 7 + 13 - 8 - f. Calculate v(-1).
-1
Let w(m) = 2*m**2 - 10*m - 6. Let h(x) = 6*x**2 - 30*x - 18. Let o(s) = -3*h(s) + 8*w(s). Give o(5).
6
Let v(d) = -d**2 + d - 3. Let c(y) = y + 1. Let n(u) = c(u) - v(u). Let l = -5 + 8. What is n(l)?
13
Suppose -5*w + 5*q = 45, -2*q + 4*q = 0. Let r(a) = a**3 + 9*a**2 + 11. Calculate r(w).
11
Let y(h) = -104*h + 130*h + 3 - 22*h + h**2. Give y(0).
3
Suppose -3*f = -2*r + 25 - 2, -37 = -3*r + 5*f. Let j(u) = -2*u + 9. What is j(r)?
1
Let o be 8/6*(-378)/(-72). Let x(d) = -d + 1. Give x(o).
-6
Let i(z) = 20*z + 20. Let h(b) = -27*b - 30. Let q(u) = -5*h(u) - 7*i(u). Calculate q(7).
-25
Let f(m) = -m - 9. Let y be f(4). Let i = 11 + y. Let p(o) = -2*o**3 - 2*o**2 - o - 2. Give p(i).
8
Let r(f) = f - 11. Let b be r(13). Let w(j) = 3 - 2 - j - 4*j**2 - 2 + 3*j**b. What is w(0)?
-1
Let d(n) = 5*n + 6. Let m be d(0). Let u(b) = b**3 - 6*b**2. What is u(m)?
0
Suppose q - 9 = -5*t, 8*t + 6 = -3*q + 4*t. Let n(u) = -u + 6. Let a(r) = -r + 7. Let f(x) = -5*a(x) + 6*n(x). Give f(q).
7
Let b(g) = -15*g - 49. Let d be b(-8). Let k = d - 72. Let h(i) = -i - 1. Calculate h(k).
0
Let w(c) = -c**2 + c. Let u be w(3). Let o(g) = -15*g**2 - 2*g + 1. Let x(z) = -14*z**2 - 2*z + 1. Let i(y) = u*o(y) + 7*x(y). What is i(1)?
-9
Let r(f) be the second derivative of f**5/20 + 7*f**4/12 + f**3/3 - 3*f**2/2 + 2*f - 128. Give r(-5).
37
Suppose 791 - 789 = -2*v. Let i(d) = -13*d**2 - d. Determine i(v).
-12
Let w(h) = -2*h. Let t be (-3)/6*-2 - -1. Let p(u) = 3*u. Let v(b) = t*w(b) + 3*p(b). Determine v(-3).
-15
Let b(y) = 2*y**2 - 6*y - 4. Let g(c) = -c**2 + 2*c + 3. Let d(j) = 3*b(j) + 5*g(j). What is d(2)?
-9
Suppose 4*i - 20 = -0*i. Let q(r) = 367*r + 23. Let x(g) = 32*g + 2. Let p(k) = -2*q(k) + 23*x(k). Calculate p(i).
10
Let n be (-4)/(-10)*(-6 - -11). Suppose 0*t - n*t = -8. Let k(w) be the third derivative of w**5/60 - w**4/4 + w**3/6 - 12*w**2. Give k(t).
-7
Let s be (9/27)/(5/(-135)*-1). Let k(b) = 2*b - 9. Give k(s).
9
Let u(g) = 2*g**2 + 0*g + 3*g + 1 - g. Let m be 4 + (0 + 1 - (-19)/((-209)/66)). What is u(m)?
1
Let h(o) be the third derivative of 5*o**4/24 + o**3 + 34*o**2. Suppose 4*j + 2*d + 11 + 17 = 0, 5*d = -20. Give h(j).
-19
Let d(a) = -a**3 - 5*a**2 - 2*a - 1. Let m be 147/(-48) - 3/(-48). Calculate d(m).
-13
Let v be ((-2)/5)/(3/(-30)). Let d(k) = -6*k + 2*k + k + 4*k**2 + k - k**3 + 4. What is d(v)?
-4
Let n(l) = -2*l**3 - 2*l**2 + 3*l + 2. Let i = -236 + 234. Calculate n(i).
4
Let k(w) = w**3 + w**2 - 2*w - 6. Let u be k(0). Let j(v) = 20*v**2 + 21*v + 14. Let m(x) = -7*x**2 - 7*x - 5. Let b(i) = u*j(i) - 17*m(i). Give b(-5).
11
Let j(x) = x + 6. Let p be 0 - 4 - (-2 - 7). Let i be 7/p*(-15)/3. Let y(g) = 3*g + 17. Let u(l) = i*j(l) + 2*y(l). Give u(-6).
-2
Let l(y) = y**2 - y. Let t(x) = -3*x**2 - 3*x + 8. Let w(q) = 4*l(q) + t(q). Let v be (14 - 0/(-1))*(-22)/(-44). What is w(v)?
8
Let u(m) = -13*m**2 - m + 1. Let d be (2 + 14)/(4 + -5). Let s = 27 + d. Let x = 12 - s. Calculate u(x).
-13
Let p(a) = -14*a - 13*a + 15 - 6*a + 43*a - 8*a. Determine p(-8).
-1
Let o(s) = -s**2 + 6*s - 1. Let z be o(5). Suppose -5*y = x + 3*x - 6, z*x + 10 = 3*y. Let t(f) be the second derivative of -2*f**3/3 - 167*f. Give t(y).
-8
Let t = -33 + 48. Suppose -2*v = 3*v - t. Let z(x) = -9*x - 8. Let b(k) = -5*k - 4. Let h(r) = -7*b(r) + 4*z(r). Calculate h(v).
-7
Let h = -298 - -285. Let l(a) = -a**3 - 12*a**2 + 15*a + 19. What is l(h)?
-7
Let q(n) = -n**2 - 4*n - 5. Let v(g) = -10*g + 355. Let f be v(36). Give q(f).
-10
Suppose 2*s = -10, -56 = -0*x - 4*x + 4*s. Let g = 11 - x. Suppose g*v + 6 = v. Let f(y) = -2*y - 4. Give f(v).
8
Let r(g) be the second derivative of g**5/20 - 5*g**4/12 - 3*g**2/2 - 4*g. Let a = 20 - 15. What is r(a)?
-3
Let a be (-8)/(-2) + -7 + 4. Suppose -a = 3*y + 8. Let i = y + -2. Let d(w) = 2*w + 3. Determine d(i).
-7
Let a(v) = -v**3 + 3*v**2 + 6*v - 6. Let j = -445 - -449. Calculate a(j).
2
Let g(o) be the second derivative of 3*o**5/2 + o**4/6 - o**3/3 + o**2/2 - 130*o - 2. Calculate g(1).
31
Let s(w) = 2*w**3 + 7*w**2 + 11*w + 12. Let q be s(-2). Let z(t) be the third derivative of 1/60*t**5 - 4*t**q + 0 - 1/2*t**3 + 1/12*t**4 + 0*t. What is z(-4)?
5
Let b(l) be the first derivative of -3/2*l**2 + 2*l - 1/3*l**3 - 1. Give b(-3).
2
Let m(t) = -t**3 + 4*t + 2 + t**2 + 2*t - 3*t. Let z be 19 - 6 - 18/2. Let n(s) = s**2 - s + 1. Let k(y) = z*n(y) + m(y). Calculate k(5).
1
Let j(c) = -2*c**3 - 1. Let b(n) = n**2 - 8*n + 6. Let l = 30 - 23. Let g be b(l). Give j(g).
1
Let i(n) = -n**3 - 14*n**2 + 17*n + 30. Let b be i(-15). Suppose -2*a + 5*a - 15 = b. Let q(l) = 3*l - 2. Determine q(a).
13
Let i = 33 - 23. Suppose -4*s + s - 2*z = -28, 2*z - i = 0. Let v(u) = -u - 1. What is v(s)?
-7
Let i(o) be the third derivative of o**4/24 + 2*o**3/3 - 227*o**2. Calculate i(4).
8
Let c(t) = -9*t**2 + t - 1. Suppose -5*l - 5*b = 0, 4*l - 8*l = 5*b + 1. Determine c(l).
-9
Let g(f) be the first derivative of -f**2 - 5*f - 154. What is g(2)?
-9
Suppose 29*a + 72 + 73 = 0. Let h(f) = -f**2 - 4*f - 7. What is h(a)?
-12
Suppose -4*f = s + 4*s - 22, 0 = -s - 3*f + 11. Let g be (-1)/((s - 1)/1). Let y(c) be the third derivative of -7*c**4/24 - c**3/6 + 146*c**2. Determine y(g).
6
Let u(a) = 2*a + 4. Let w be (-12)/((-12)/4) - -1. Suppose 2*l - w*l = -9. Suppose l = -y - 0*y - 5*m, -3*y - 9 = m. Determine u(y).
-2
Suppose -3*u = -2*u. Suppose -2*y + y + 4 = u. Suppose -8 = -y*i - 4. Let b(j) = -10*j**2 + 1. What is b(i)?
-9
Let x(p) be the third derivative of -p**4/12 - p**3/6 - 359*p**2. Let g be 2 - (4 - 2)*-1. Determine x(g).
-9
Let t(o) be the third derivative of -o**5/60 + o**4/24 - o**2. Suppose -5*i + u = 103 + 1019, 0 = i - 5*u + 210. Let q = i - -222. Calculate t(q).
-12
Let g(d) be the third derivative of d**7/840 + d**6/360 - d**5/30 - 13*d**3/6 + 6*d**2. Let t(n) be the first derivative of g(n). Determine t(-3).
-6
Let h(d) = -2*d + 1. Let w(a) = 2*a + 6. Let x be w(0). Suppose -41*g = -44*g + x. What is h(g)?
-3
Let t = 50/159 + 1/53. Let c(u) be the third derivative of -t*u**3 + u**2 - 1/60*u**5 - 1/4*u**4 + 0*u + 0. Give c(-6).
-2
Let n(r) = -3*r**2 - 14*r + 18. Let j be n(-6). Let b(l) = -l**3 - 7*l**2 - l - 3. Determine b(j).
-33
Let y(s) = 7*s + 2. Suppose 2*h + h - 10 = -z, 3*z + 12 = 5*h. Suppose 6 + 0 = h*k. Calculate y(k).
16
Let q(t) = -2*t + 8. Suppose -d - 2 = -i - 4, 0 = 2*i - 4*d + 12. Suppose -2*r + 2*v + 24 = 0, i*r - 4*v = -v + 26. Let w = 17 - r. What is q(w)?
-6
Let c(s) be the second derivative of s**5/20 - s**4 + 11*s**3/6 + 9*s**2/2 - 44*s - 4. Determine c(11).
9
Let m(x) = -x**2 - x + 12. Let w(t) = t**2 + t - 10. Let n(j) = 4*m(j) + 5*w(j). Let f = 1 - 1. Give n(f).
-2
Let l(i) = 4 + 2 - 116*i - 7 - 2 + 114*i + i**3. Give l(-2).
-7
Let c(b) be the third derivative of b**4/4 + b**3/3 + 10*b**2. Let v be (-201)/39 + (0 - 6/(-39)). Calculate c(v).
-28
Let y(g) be the third derivative of 0*g**3 - 1/24*g**4 - 1/30*g**5 + 0*g - 6*g**2 + 0 - 1/240*g**6. Let f(w) be the second derivative of y(w). Calculate f(-4).
8
Let l(p) be the first derivative of 0*p**2 - 1/24*p**4 + 4/3*p**3 + 1/180*p**6 + 1/60*p**5 + 5 + 0*p. Let r(s) be the third derivative of l(s). Give r(1).
3
Suppose 0 = 45*j + 123 + 102. Let l(y) = y**2 + 3*y - 7. Determine l(j).
3
Suppose -4*y - 18 = -42. Let m(n) = -3*n + 8. Give m(y).
-10
Let y(k) = 10*k**3 + 41*k**2 - 8. Let c be y(-4). Let j(n) = n + 4. Give j(c).
12
Let a be (2/6)/(6/(5 - 131)). Let g(d) = d - 1 - 2*d + 0*d. Determine g(a).
6
Let k(u) = -19*u**3 - 7*u**2 - 8*u